ivisor of g and 7.
7
Suppose 2*q - 39 = q. Suppose m - q = -0*m. What is the highest common factor of m and 26?
13
Let q be 10/45*-15*-18. Let o = -40 - -28. Let j be (-4 - -1)*40/o. Calculate the highest common factor of j and q.
10
Let w = 20 - 18. Calculate the greatest common factor of 8 and w.
2
Let z be 15/3 + -1*1. Let i = -240 - 18. Let x be i/(-13) + 14/91. Calculate the highest common divisor of x and z.
4
Let z be (-1)/3 + 200/6. Suppose -7 = -2*y + 5*m, 2*y = 3*y + m. Let o be 7 + y + (0 - -3). What is the greatest common divisor of z and o?
11
Suppose 2*o = 6*o - 20. Calculate the greatest common factor of o and 15.
5
Let s be (-6 + 2)/((-2)/18). Let r be (-10 - -6)*(-6)/4. What is the highest common factor of r and s?
6
Let w be 5/25*77 - (-4)/(-10). Calculate the highest common divisor of 5 and w.
5
Let b = -108 - -111. What is the highest common factor of b and 2?
1
Let b(q) = -q**3 - 8*q**2 - 2*q + 6. Let y be (-4)/22 + (-86)/11. Let i be b(y). Suppose 4*r - i = -6. What is the highest common factor of r and 6?
2
Let n(l) = -6*l - 6 + l**2 + 5 + l. Let o be n(-4). What is the highest common divisor of 7 and o?
7
Let i = 45 - 15. Suppose r = 6*r - 60. What is the highest common factor of r and i?
6
Let p be (13/4)/(2/8). Let o(u) = -u**2 - 18*u + 36. Let r be o(-9). Calculate the greatest common factor of p and r.
13
Let p(t) = -t**3 + 3*t**2 + 4*t + 5. Let a be p(4). Let n be a*3*1/15. What is the highest common divisor of n and 7?
1
Let q be 2/(-13) + (-725)/(-65) - -1. Calculate the greatest common divisor of q and 6.
6
Let t = 76 - 50. Calculate the highest common factor of t and 65.
13
Let l(j) be the first derivative of -j**2 + j + 1. Let i be l(-4). Let u(q) = q - 8. Let f be u(11). What is the greatest common factor of f and i?
3
Let s(z) = -z**2 + 3*z + 1. Let b be s(3). Let u be 13/(-26)*(-53 - b). What is the highest common factor of u and 189?
27
Let g(w) = w**3 - 2*w**2 - 2*w + 3. Let p be g(4). Calculate the greatest common divisor of p and 18.
9
Suppose 0 = -4*f + 4*l + 76 - 4, -5*l + 30 = 3*f. Suppose g - 3*r - 99 = 0, -r + 0*r = 3. Calculate the greatest common factor of f and g.
15
Let z = 3 + -5. Let u be (8/(-2))/z*11. Suppose 5*q - 4*o = 51, 40 = 4*q - 2*o - 2*o. What is the greatest common factor of u and q?
11
Suppose 2*s = 3*s - 90. Suppose i + 3*v + 158 = 6*i, -s = -3*i + 3*v. Calculate the greatest common factor of 85 and i.
17
Let s = -31 + 44. Calculate the greatest common factor of 26 and s.
13
Let j be (-44)/3*(-6)/4. Let w = j - 12. What is the greatest common divisor of w and 25?
5
Let a(p) = 2 - 1 + 1 - p. Let f be a(-2). Suppose f*j - 2*h = 0, -3*h = -5*j + 2*h - 5. What is the greatest common factor of 11 and j?
1
Let p(h) = 7*h**2 + 2*h - h**2 - 5*h**2 - 12*h + 1. Let f be p(11). Calculate the highest common divisor of f and 4.
4
Let b(d) = -d**3 - 14*d**2 + 15*d + 16. Let x be b(-15). What is the greatest common factor of 176 and x?
16
Let v be ((-18)/7)/(12/(-112)). What is the highest common divisor of v and 6?
6
Suppose 4*i - 20 = 0, 4*p - 2*i + 5*i = 615. Suppose 4*y = 6*j - j - 146, -5*y = -5*j + p. Calculate the greatest common divisor of 13 and j.
13
Let z = -8 - -8. Suppose 5*x = v - 21, v + z*v = x + 5. Calculate the greatest common factor of v and 11.
1
Let s be 3 + -5 + 1 + 25/5. Calculate the greatest common factor of 32 and s.
4
Let k(z) = -2*z**3 + 2*z**2 - z - 11. Let r be k(-3). Suppose -4*b = -2*f - 42, -b + 0 - 7 = 3*f. What is the greatest common factor of b and r?
8
Let z = -17 + 5. Let n be 88/z*(-9)/6. What is the highest common divisor of n and 99?
11
Suppose 3*f = -2*y + 371, 0 = 4*f + f + 15. What is the greatest common factor of 38 and y?
38
Let u be -1 - -3*(-1 + 2). Let i(w) = w**3 - 2*w**2 - 2. Let s be i(2). Let o be (26/u + s)*1. Calculate the highest common divisor of o and 33.
11
Suppose -3 = -d + 1. Suppose -d = 2*h, -3*t = 4*h - 6*h - 79. What is the greatest common factor of t and 200?
25
Let x = 12 - -18. Let c be ((-300)/(-8))/((-1)/(-2)). Calculate the greatest common divisor of x and c.
15
Suppose -3*r - 64 = -2*j + 18, 0 = -3*r + 6. Let n = 89 - j. Let l(s) = -s**2 + 11*s - 6. Let m be l(8). Calculate the greatest common factor of n and m.
9
Let w(z) = -z**2 + 20*z + 3. Let b be w(20). What is the greatest common factor of 2 and b?
1
Let y = 7 + -99. Let f = y - -235. Suppose -2*t - t = -3*g - 111, 4*t - 3*g - f = 0. Calculate the greatest common divisor of t and 8.
8
Suppose 2*v = 7*v + 2*f - 86, 5*v - 100 = 5*f. Calculate the highest common factor of v and 45.
9
Suppose -7*w + 3*w + 20 = 0. Suppose 469 = -0*h + 4*h - w*q, -5*h + 596 = -3*q. What is the greatest common factor of h and 11?
11
Let j(k) = -k**3 + 5*k**2 - k - 3. Let x be j(5). Let n = 21 + x. Calculate the highest common divisor of n and 39.
13
Let v = 184 - 100. Let s be 0 + -1 + (-39)/(-3). Let d = s - 0. What is the greatest common divisor of v and d?
12
Let b(v) = 1. Let i(x) = -2*x - 3. Let w(a) = -3*b(a) - i(a). Let j be w(1). Calculate the highest common factor of 22 and j.
2
Let s be (-138)/(-14) + (-7)/(-49). Let v be 4/((-3)/((-18)/4)). Suppose t - v + 1 = 0. Calculate the highest common divisor of s and t.
5
Let l(o) = o + 2. Let j be l(2). Suppose 46 = j*s - 10. Calculate the greatest common divisor of 2 and s.
2
Suppose 0 = 5*b + 3*i - 47, 2*b = -2*i - 4 + 26. Suppose -l = 4*y - 61, 2*y - 257 = -5*l - 2*y. What is the highest common divisor of l and b?
7
Suppose -5*l = -l - y - 3, -4*l + 33 = 5*y. Let j(c) = -4*c + 2. Let p be j(-2). What is the highest common divisor of l and p?
2
Let p be ((-10)/3)/(2/(-3)). Suppose -145 = -2*k + p. What is the greatest common factor of 15 and k?
15
Suppose -4*s - 4*h = -2*h - 176, 4*s - 164 = h. What is the highest common divisor of 6 and s?
6
Let u(z) = -z - 5. Let j = -7 - -2. Let r be u(j). Suppose l + 2*l = r, -15 = -3*h + 3*l. What is the greatest common divisor of 55 and h?
5
Let i be 1*(-1 + 12/3). Suppose 4*x + i*j = x + 132, 2*j + 2 = 0. What is the highest common divisor of 30 and x?
15
Suppose -5*i - 4*o = o - 10, 11 = 3*i - 2*o. Calculate the greatest common factor of 21 and i.
3
Suppose -124 + 19 = -3*z. Let o be z/4*(1 - -3). What is the highest common factor of 5 and o?
5
Let x be (-66)/(-14) - 4/(-14). Suppose -x*u + 155 = 5*z, -3*u + 100 = 5*z - 59. What is the highest common divisor of z and 22?
11
Let g be 100*(-9)/48*-4. Calculate the highest common divisor of 30 and g.
15
Suppose w = -0*w - 5. Let m(r) = r**2 - r + 3. Let u be m(w). Calculate the highest common divisor of 22 and u.
11
Let f(c) = 10*c**2. Let g = -3 + 5. Let o be f(g). Calculate the greatest common factor of o and 10.
10
Let f(s) = s + 1. Let t be f(4). Calculate the greatest common divisor of t and 35.
5
Let f(p) = -p - 4. Let x be f(-8). Suppose 5*k - x = 4*k. Let t be 62/k - (-2)/4. Calculate the greatest common divisor of 64 and t.
16
Let s = 12 + -9. Let t = 0 + s. Calculate the greatest common divisor of t and 9.
3
Let c(t) = 120*t**2 + 2*t - 1. Let m be c(1). Calculate the highest common factor of 22 and m.
11
Let v be 74 + 10 + 0 + 1. Suppose 2*f = 3*f - 34. Calculate the highest common divisor of v and f.
17
Suppose -4*h + 10 = -6. Suppose -3*g + h = -11. Calculate the greatest common divisor of 20 and g.
5
Let u(x) = x**3 - 9*x**2 + 6*x. Let i be u(6). Let p = i + 112. Suppose 0 = 3*r - 256 - 44. What is the greatest common divisor of p and r?
20
Suppose 25 = 4*s - 31. Suppose 0 = -o + 7 + s. Suppose p - o + 1 = 0. Calculate the greatest common factor of 10 and p.
10
Suppose -5*l = -l - 20. Let y(z) = z**2 - 2*z - 4. Let x be y(l). Suppose 0 = -k + 18 + 59. Calculate the greatest common divisor of x and k.
11
Let g be 3 - (-3 + -9*3). Calculate the highest common divisor of 3 and g.
3
Let g = -54 + 105. Calculate the highest common divisor of g and 85.
17
Let f(u) = 5*u**2 + 2*u. Let x be f(2). Suppose 7 = k - 1. Calculate the greatest common divisor of x and k.
8
Let j = 122 + -86. Calculate the greatest common divisor of 54 and j.
18
Let c = -30 - -39. Calculate the greatest common factor of c and 45.
9
Let u(m) = -m - 5. Let x be u(0). Let t be x/2*70/(-7). Let g(q) = q**3 + 5. Let n be g(0). What is the greatest common divisor of n 